ors of u?
2, 3533
Suppose -147*p - 23312 = -163*p. Suppose 3*w - 4373 = -5*d, -w - 14*d + 12*d + p = 0. List the prime factors of w.
3, 487
Let z = 75 + -57. Suppose z = 3*o + 3*m, 18 = 5*o - 3*m - 44. What are the prime factors of o?
2, 5
Let j = 59 - 57. List the prime factors of 24/(-56) + (28040/28 - j).
3, 37
Let n be 9 + -1 - (-4 - -7). Suppose n*b = -3*x + 51, -3*x = -b + 1 + 2. Suppose 4*c = b + 115. What are the prime factors of c?
31
Let m = 74064 - 21298. What are the prime factors of m?
2, 7, 3769
Let v(i) = -166*i + 1009. List the prime factors of v(-25).
7, 11, 67
Suppose 2*k = -4*w + 11382, 40*w = 5*k + 38*w - 28383. List the prime factors of k.
3, 631
What are the prime factors of (321772/497)/((-1)/(-7))?
2, 11, 103
Suppose 0 = -5*t + 3*t. Suppose 32*x - 8*x - 19896 = t. List the prime factors of x.
829
Let x(b) = 212*b - 1005. List the prime factors of x(41).
7687
Suppose -2*z - 4*s = -9524, -15858 + 1612 = -3*z + 4*s. What are the prime factors of z?
2, 2377
Let m(u) = 1319*u + 13. Let f be m(1). What are the prime factors of (1 - 0)*f/12?
3, 37
Let i(l) = -165*l**3 + 2*l**2 - 6*l - 7. Suppose 16 = 4*b, 2*h + 4*b - 14 = -0*h. What are the prime factors of i(h)?
2, 83
Suppose -3*o + 936 = -7*o. Suppose -d - 432 = 3*d - 5*y, -y + 335 = -3*d. Let x = d - o. What are the prime factors of x?
11
Let y = -14688 + 22586. List the prime factors of y.
2, 11, 359
Suppose 58*b = 126514 + 330062. What are the prime factors of b?
2, 3, 41
Suppose -2*l - 3*h = 1 + 5, -5*l - 3*h = -3. Suppose 5*k = -21*s + 20*s + 848, 0 = l*k - 9. List the prime factors of s.
7, 17
Let o be 1080 + -3 - (5 + -9) - -2. Let q = -726 + o. List the prime factors of q.
3, 7, 17
Suppose -276*p - 346142 = -11554226. List the prime factors of p.
40609
Suppose 28*q = 37*q - 27. Suppose -5*p - 5*n = -3900, 4*p + q*n = -0*p + 3116. What are the prime factors of p?
2, 97
Let m be (1 + (-6)/10)/((-4)/(-7820)). Suppose 4*d + 1183 = 3*n, 0*n - 2*n - 4*d = -m. Suppose -84 + n = 3*t. List the prime factors of t.
103
Let a(h) = -h**2 + 19*h + 18. Let u be a(19). Suppose u = -2*q + 254. What are the prime factors of q?
2, 59
What are the prime factors of (-1)/(((-1)/30036)/((-38)/(-57)))?
2, 2503
Let u be 46/8*(5 + -2 + 1). Let r(m) = 38*m - 14*m - 11*m + u - 12*m. What are the prime factors of r(6)?
29
Let p = 254746 - 179360. What are the prime factors of p?
2, 37693
What are the prime factors of 37196 + 9*224/126?
2, 3, 7, 443
Let l = 236 + -234. Let d be 187 - (-2)/(-4)*-2. Suppose -2*r = l*r - d. What are the prime factors of r?
47
Suppose 2*h = 8*h - 150. Let j = -43 + h. List the prime factors of (-2895)/j - (-6)/36.
7, 23
Let u(s) = 54*s + 156. Let m(t) = -10*t + 260. Let o be m(24). What are the prime factors of u(o)?
2, 3, 103
Let w be -4 - (-134)/3*3. Suppose 5*y = 3*j + 110, -5*y - w = 5*j - 0*j. Let a = j + 134. What are the prime factors of a?
2, 13
Suppose 1396 - 292 = 4*c. Let m = -183 + c. What are the prime factors of m?
3, 31
Let j be 0 + (4 - 4) + 3. Let i(r) = 0*r - 6 + r**2 + j*r - 13. List the prime factors of i(5).
3, 7
Let j be -7 + 5/((-5)/(-4)). Let x be j/((-114)/(-39) + -3). Let i = 38 + x. List the prime factors of i.
7, 11
Let u(g) = g - 16. Let p be u(0). Suppose -x - l = 119, 5*x + 2*l = -382 - 210. What are the prime factors of (1*p/4)/(2/x)?
2, 59
Let o be (13/((-52)/48))/2. What are the prime factors of 2830/60*4*o/(-4)?
283
Suppose 25 = -19*j - 51. Let r(t) = 4 - 4*t + 0 - 6*t**2 - 3*t**3 - 2. List the prime factors of r(j).
2, 3, 19
Let j = 71 + -72. Let n be ((-2)/j)/(3/30) + 2. Suppose 2*c - 108 = -n. What are the prime factors of c?
43
Let f = 448 - 1038. Let l = f - -992. What are the prime factors of l?
2, 3, 67
Let r(g) = 21*g**2 - 30*g + 122. List the prime factors of r(4).
2, 13
Let g(w) be the second derivative of 13*w**4/24 - 11*w**3/3 + 2*w**2 - 14*w. Let i(t) be the first derivative of g(t). What are the prime factors of i(3)?
17
Let q(x) = -1672*x**3 - x**2 - 15*x + 15. Let a be q(1). Let r = a - -2671. What are the prime factors of r?
2, 499
Let g be 5/(220/(-8)) + 26/22. Suppose 2*u + 2 = -4*p, -u + 4*u + g = -5*p. Suppose 99 = -2*r + u*r. What are the prime factors of r?
3, 11
Let p(w) = w - 12. Let v be p(14). Let x be (-3 + v + -1)*210/(-28). Suppose 3*q + 1116 = x*q. What are the prime factors of q?
3, 31
Let l be (2*74/(-8))/((-4)/(-32)). Let a = 1660 + l. List the prime factors of ((-17)/(119/a))/(3/(-2)).
2, 3
Let a = 62 - 79. List the prime factors of 10869/51 - (-2)/a.
3, 71
Suppose 3*b + 4*w = 3*w + 2, 2*b = -w. Suppose -b*i + 3*t + 264 = 0, -t + 4*t = -i + 150. List the prime factors of i.
2, 3, 23
Let x(s) be the third derivative of s**5/10 - 5*s**4/3 - 10*s**3/3 + 6*s**2. List the prime factors of x(12).
2, 7, 13
Let d(s) = -s**3 - 12*s**2 - 3*s - 61. Let r be d(-12). Let v = r + 116. What are the prime factors of v?
7, 13
Suppose 5*o = 7*o. Suppose 2*u - 299 - 107 = o. What are the prime factors of u?
7, 29
Suppose -15532 + 46408 = 2*y + 3*w, -3*y + 9*w = -46314. What are the prime factors of y?
2, 3, 31, 83
Suppose 4*h - 6 = h, 0 = g - 4*h + 5. Suppose -5*m + 2*y = 0, -g*y = 2*m - m - 17. Let z(p) = 13*p + 2. What are the prime factors of z(m)?
2, 7
Let v = 684 + -648. Let p be (-1366)/(-12) - 1/(-6). Let m = p - v. List the prime factors of m.
2, 3, 13
Suppose 0 = 4*v + v, -v + 5641 - 939 = u. List the prime factors of u.
2, 2351
Suppose 11*b = 26484 + 19991. What are the prime factors of b?
5, 13
Let a(u) = 3*u**3 - 4*u**2 + 9*u - 173. List the prime factors of a(19).
3, 7, 911
Let n(b) = -b**3 - 2*b**2 + b - 1. Let j be n(-2). Let p be (-3)/4*(318/j - -2). Suppose 5*l - p - 122 = 0. What are the prime factors of l?
2, 5
Let c(n) = 7*n - 138. Let x be c(20). Suppose -x*p + 929 = -p - 4*s, -2*s + 10 = 0. List the prime factors of p.
13, 73
Let x be (-2 + 6 + -5)*-39. Let m(s) = -x - 16*s + 22 - 6*s. List the prime factors of m(-5).
3, 31
Let o be (1/(-4))/(19/(-228)). Suppose 3*v + f + 176 = 0, -4*v - o*f - 288 = v. Let g = 157 - v. What are the prime factors of g?
7, 31
Let f be (5/3 - 0)*-213. Suppose 13*y + 1635 = 10*y + 3*u, 2204 = -4*y - 2*u. Let h = f - y. What are the prime factors of h?
2, 97
Suppose -6*j - 349 + 39331 = 0. What are the prime factors of j?
73, 89
Let g(w) be the first derivative of 2*w**2 - 59*w - 39. Let m be g(16). What are the prime factors of (1/(-3))/(m/(-2820))?
2, 47
Let h(u) = -u**3 + 11*u**2 + 12*u - 20. Let z be (0 + 0)*6/18. Suppose -3*p - a + 35 = 0, 0 = p - z*p - 5*a - 1. List the prime factors of h(p).
2, 7
Suppose -7*u - 1315 = -5354. What are the prime factors of u?
577
What are the prime factors of ((-4)/(-2) - 1) + 42/(420/52750)?
2, 1319
Let w be (0 + 5 + 114/(-24))*4. What are the prime factors of -2*5/20*-820*w?
2, 5, 41
Let v(a) = -41*a**2 + 3*a - 2. Suppose 0 = 4*j - 7 - 1, -5*l = 5*j - 15. Let c be v(l). Let r = c - -85. What are the prime factors of r?
3, 5
What are the prime factors of (-39 + 16785/225)*3730/4?
89, 373
Suppose -g + 5089 = -5*p, -43*p = -4*g - 41*p + 20410. List the prime factors of g.
2, 11, 29
Let v = 15 + -9. Let r be v/(-8) - (-3)/4. Suppose -i = -r*i - 166. What are the prime factors of i?
2, 83
Let o = -778 - -1014. Let x = o + 1239. List the prime factors of x.
5, 59
Let q(s) = s**3 - 3*s**2 - 5*s + 10. Let n be q(4). Suppose -5*m = -n - 9. Suppose 219 - 21 = m*d. What are the prime factors of d?
2, 3, 11
Let z = 20 - -19. Let d be 3/11 - (-41180)/(-1276). Let v = z + d. List the prime factors of v.
7
Let a(g) = 3*g + 6. Let b be a(7). Let d = b - 19. List the prime factors of ((-206)/(-4))/(((-20)/d)/(-5)).
103
Let d = 17222 - 7074. List the prime factors of d.
2, 43, 59
Let u(r) = 778*r**3 - 5*r + 5. Suppose 2*s = 3*w + 5*s - 3, 0 = -2*s. What are the prime factors of u(w)?
2, 389
Let f(r) = -9*r - 39. Let y be f(-6). Suppose 5855 = y*k + 2285. List the prime factors of k.
2, 7, 17
Suppose 92 = 5*r - 3*w, -4*r + 5*w + 12 = -72. Suppose 2*y + 5*i - 643 = -r, 2*y - 647 = -i. List the prime factors of y.
2, 163
Let t(d) = d**3 + 2*d**2 - d + 2. Let x be t(0). Suppose f - z - 14 = 3*f, 3*z = x*f + 14. What are the prime factors of ((-6)/(-7))/(f/(-637))?
2, 3, 13
Let n(i) = 3*i**3 + 4*i**2 - 5*i + 2. Suppose 11 = 16*l - 5*l. Let q be